valuate -13 + (23 - 8) - (-7 - -9).
0
Calculate -6 + (7 - 2) + -4 - (-5 + -2).
2
What is -10 + (4 + -15 - -9 - 5)?
-17
Calculate -4 - (23 - (-1 - -1) - (4 - -3)).
-20
Calculate (9 - 5) + -10 + (7 - 3).
-2
(-1 - 7) + -7 + 11
-4
Calculate 0 + 0 - (9 - (-1 - (-1 + -7))).
-2
Calculate 30 + -31 + (-6 + 3 - 0) - 7.
-11
What is -34 + (-39 - -19) + 39?
-15
Calculate 1 + 14 + -16 + -3 + 0 + -13.
-17
2 + -17 + -11 - (-8 - 4)
-14
Calculate 14 - (17 + (11 - 8)).
-6
What is (34 - 1) + -32 + 2 + -19 + 41?
25
What is the value of (-13 - 15) + -14 + 31?
-11
Calculate -7 - -1 - (-4 - (6 + -18)).
-14
Calculate 3 + -1 + -1 - (-47 - -45).
3
What is the value of (-1 - 13) + -24 + 47?
9
42 + -2 + -95 + 43
-12
What is the value of -15 - (-13 + -8 + 12) - -7?
1
What is -32 - (-13 + -13 + 1)?
-7
What is the value of -13 - (5 - (15 - (10 - 3)))?
-10
(6 - (-45 + 45)) + 0 + (0 - -17)
23
Evaluate -11 - -18 - (2 - -13).
-8
-17 + (-28 + 7 - -41)
3
Calculate (3 - (-4 + -2 - -3)) + 18.
24
Calculate 42 + (-19 - -3) - 29.
-3
What is 5 + 5 + (-56 - -53)?
7
Evaluate 46 + -70 - (2 - 2).
-24
Evaluate 22 + -14 + -27 + 13.
-6
-9 + ((2 - 8) + 43 + -28 - 5)
-5
-148 + 147 + (1 - 8)
-8
-10 + -2 + 3 + (-14 - -3) + 20
0
Calculate (162 - 157 - (0 + 1)) + 9.
13
Evaluate -9 - (-5 + (2 + -9 + 5 - -5)).
-7
What is the value of -43 + (-3 + -4 - -14) + -5 + 5?
-36
Evaluate -4 + 16 + (-19 - -16) - (13 - 2).
-2
Evaluate -9 + 4 + 7 + -7 - 2.
-7
Evaluate 0 - 6 - (16 + 15 + -31) - -16.
10
10 - (1 - (8 + -21))
-4
What is -5 + (-9 - -9 - (14 - 26))?
7
Calculate 22 + -1 - (-1466 - -1474).
13
0 + 22 + -17 + 14
19
Evaluate -6 + -12 + (6 - -15).
3
-22 - (12 + 2 + -29 + 0)
-7
Calculate (-54 - -48) + (3 - 1 - -12) + -14.
-6
Calculate (3 - (4 + -2)) + 0 + -21.
-20
What is -6 - ((1 - -2) + 10 + -3 + -4)?
-12
What is the value of (41 - 55) + (3 - 6) + 39?
22
Calculate 21 - (34 - (59 - 30)).
16
Evaluate 8 - 12 - (-13 - -22).
-13
Calculate 0 - -32 - (27 + -6).
11
Evaluate (13 - (-5 - -8)) + -13.
-3
Calculate 2 - (212 - 211 - (-9 + 2 + -2)).
-8
What is (-6 - -20 - 1) + 10 + -21?
2
What is the value of (2 - 5) + (5 - (8 - -3))?
-9
Calculate 6 + 3 + (7 - 23).
-7
What is -6 + 4 - -25 - 12?
11
Calculate -17 - (14 + -6) - -44.
19
-13 + 13 - (-1 - (1 + 3))
5
Evaluate 56 + (-8 - -10) + -36.
22
Evaluate 13 - (-192 + 185 - (-8 - (1 - 2))).
13
Calculate -20 + (9 - 4 - 2 - (3 - 5)).
-15
What is -12 - ((21 - 10) + -30)?
7
Evaluate -8 + 35 - (-2 + (-7 - -19)).
17
8 + -2 + 3 + -13 - (0 - -6)
-10
(-79 - -77) + -3 + (-2 - 11)
-18
Calculate -11 - (3 + 2 + (-8 - (-7 + 1))).
-14
Calculate 27 - (4 + -9 + 6 + -1 + -5).
32
Calculate -3 - (4 + -14 - -4) - (-22 - -32).
-7
What is the value of -1 - -5 - (-70 + 25 + 61)?
-12
Evaluate (0 - -6) + -17 + 4 + 6 + 3.
2
What is -15 + 4 + 10 - 4 - -7?
2
Evaluate -12 - ((2 - 1) + 5 - (-232 + 237)).
-13
-3 + 8 + 2 - (-16 + 37 + 7)
-21
What is (7 - (-2 + 9)) + -5 + (-1 - -21)?
15
What is the value of (-48 - (18 - 57)) + -8 + 1?
-16
Calculate 0 + 5 + (-7 - (-5 + 1)) + 2.
4
Calculate -7 + 19 + -14 + 21.
19
Calculate (1 - 3 - -7) + 4.
9
What is the value of (20 - 18) + 3 + -12 + 24?
17
What is the value of -7 + 15 + (15 - 30) - (-20 - -1)?
12
What is the value of (1 - -4) + -2 + (-30 - (-21 - 5))?
-1
Evaluate -8 - (-9 + -3) - -7.
11
Evaluate -2 + 1 - 5 - (345 + -362).
11
Evaluate 11 + -15 + (-9 - 7).
-20
What is the value of 10 + (45 - 35) + -8 + -2?
10
What is the value of (-341 - -343) + (-12 - -3) + -2?
-9
What is 0 - (4 - (14 + -20))?
-10
Calculate 35 + (16 - 44) - 22.
-15
What is the value of (20 - -2) + (-44 - -25)?
3
2 + 9 + (-78 - -50)
-17
What is 7 + -2 + (-4 + 3 - (-3 - 3))?
10
What is -37 - (-16 - -34 - 32)?
-23
Calculate 3 - (10 + (-10 + 8 - -4 - 37)).
28
Calculate 9 - 1 - 1 - -6 - 5.
8
What is 6 + -3 + (-12 - (-31 - -19))?
3
What is the value of -24 + 20 - (0 - 2) - (-7 - -3)?
2
Calculate -6 + 7 + 11 + -10 - 12.
-10
Calculate (-3 - (-1 + 1)) + -30 + 8.
-25
Calculate 20 - (4 + (6 - (19 - 1)) + 8).
20
Calculate -15 + (28 - 4) + 7.
16
What is the value of 3 + 0 + -1 + -6 + 9?
5
-38 - (-29 - -6 - 15)
0
(-4 - (-1 + 4 + 2 + -23)) + 2
16
What is the value of -1 - (-36 + 30) - (-2 + 26 + 0)?
-19
What is -24 - (-11 + -3) - -10?
0
What is the value of 2 - (2 + 1 + 4 - (-6 - -18))?
7
Calculate -22 + (23 - 1) - -3.
3
Evaluate (17 - 10) + 8 + -8.
7
What is (4 - -17) + 135 + -160?
-4
Evaluate (-104 - -98) + (-4 - (-3 - -1)).
-8
Calculate 1 + (16 - -1 - (-22 - -27)).
13
-4 - 9 - -13 - (-5 + 1) - 17
-13
What is 26 + -46 + -19 + 19?
-20
(21 - 3 - (-6 - -15 - 4)) + -3
10
Calculate (-4 - -3 - -4) + (12 - 20).
-5
What is 2 - (-1 + 3 + (-3 - -2))?
1
Evaluate (12 - -12) + -18 + 9 - 48.
-33
Calculate 814 + -817 + 0 + 20.
17
Evaluate -2 + -9 + (8 - (-17 - -19)).
-5
Evaluate -7 + 52 + (-6 - (5 - 5)) - 7.
32
(-18 - (10 - (2 + 8))) + (4 - 0)
-14
Evaluate -5 + 22 + -29 + 36 + -7.
17
What is the value of 21 + -59 - -51 - (-1 - -19)?
-5
What is the value of -1 + (-2 - 7 - -14) + 4?
8
6 - (-5 - ((-8 - -8) + -23))
-12
(17 - 11) + -13 - -1
-6
What is the value of (0 - -3) + -9 + 0 + 128 + -111?
11
3 + -19 - (1 + 6 - (5 + -2))
-20
-128 + 119 + (0 - (-9 - 0))
0
What is 1 + (-13 + 7 - 7) - (0 - 5)?
-7
Calculate (1 - 8) + (9 - (2 + -6)).
6
(-49 - -50 - (1 - 6) - 3) + 13
16
Evaluate 36 + (-14 + -1 - (-123 + 123)).
21
Calculate 15 + -11 - (5 + 10).
-11
What is (-12 - (-5 - 12)) + -11?
-6
What is (2 + 7 + -2 - 1) + -12?
-6
10 + (-8 - (9 + -24) - 16)
1
What is the value of -35 + 11 + (9 - 3) + 8?
-10
What is (-27 + 4 - -11) + 35?
23
What is (19 - (24 - -5)) + -2 + (1 - 0)?
-11
Calculate -13 + (-3 - -10) + -6.
-12
What is the value of 3 + 19 - ((-2 - -3) + 6)?
15
Evaluate (4 - (8 + -13)) + -12 + (-4 - 1).
-8
Calculate (-1 + -2 - 7) + 14 + (-5 - 1).
-2
Calculate -15 + -2 + 0 + 1.
-16
Evaluate ((-11 - 2) + (2 - -6) - -7) + 20.
22
What is (70 - 26) + -41 - (2 - 1 - -16)?
-14
Calculate 0 + -5 + -12 - -29.
12
What is the value of (-68 - -77) + (-5 - -1) + -3 - 34?
-32
What is (5 - -3) + (-10 - 8) + -10 + 13?
-7
Evaluate -5 - (-9 + (5 - (3 - (2 + 1)))).
-1
Evaluate -2 - (4 - (-24 - (0 - 3 - 3))).
-24
Calculate 10 + (1 - -7) + -9.
9
Evaluate 3 - (2 + (-6 - (-8 - (-2 - -3)))).
-2
What is (-2 - 3) + -60 + 67 - (1 + -5)?
6
(-2 - -2 - -2 - (-22 - -18)) + -7
-1
Calculate (-9 - -1) + -11 + 18 + -6.
-7
14 + -7 + -15 - (3 + -4 + 2)
-9
Evaluate 4 - (22 + (-16 - -6)) - 4.
-12
Evaluate 17 - (-2 - -31 - 21).
9
2 + 3 + 3 - 19
-11
(28 - 5) + (-44 - -34)
13
(-9 - (17 - 14) - -22) + -12
-2
Evaluate 8 - (5 + 14 + (-6 - 4)).
-1
Calculate 1 + (32 - 22 - -6).
17
Evaluate -17 - -1 - (-107 - -71) - (9 + -2).
13
Evaluate -3 + (53 - 50) + (-9 - -1).
-8
Calculate 15 + -55 + 26 - (-16 + 0).
2
Evaluate -5 + (2 - -8) + -8 + -7.
-10
-12 + 9 + 0 + 6
3
What is -39 + 44 - 0 - (-13 - -2)?
16
What is the value of (-14 - 1) + (7 - 6) - (-33 + 27)?
-8
What is the value of -7 - ((-2 - -2 - -16) + -7)?
-16
What is the value of -15 + (-7 - 1 - 0 - -13)?
-10
-5 + 19 + (-14 + -2 - -8)
6
66 + -52 - (39 - -1)
-26
What is (-63 - -58 - (1 - 0)) + -23 + 12?
-17
What is 7 + (-23 - -43 - 14)?
13
Calculate (-8 - (-5 - (15 + -7 + -13))) + 18.
10
Calculate 11 + 4 + -17 + 8 + -8.
-2
4 + 15 + 28 + -29
18
2 - (3 - -5 - 7) - (2 - -9)
-10
Calculate -24 + 19 - (-3 - -9 - (0 - 3)).
-14
What is the value of (4 - (0 - 9)) + -15?
-2
15 - (14 + -15 + (5 - -12))
-1
What is (1 - (30 + -11 - 9)) + 23?
14
What is the value of 29 + 12 + 3 - 28?
16
What is -2 + 0 + (1 - -17) - 5?
11
What is 1 - 6 - ((-19 - 4) + -1 + 8)?
11
Evaluate -14 - -2 - (69 - 69).
-12
Evaluate 37 + -7 + -39 - (0 + 3).
-12
What is the value of 4 - (-12 - (-10 + 4) - -9 - 6)?
7
What is the value of ((5 - 8) + 1 - 2) + (29 - 21)?
4
Evaluate -12 + (3 + (5 - 8) - (10 + -12)).
-10
20 - (-32 - -68) - -3
-13
What is -19 - -13 - -24 - 16?
2
What is -2 + (16 - 10) + 6 - 2?
8
What is 23 + (-22 - 0) - (17 - 0 - 1)?
-15
What is the value of 12 + -12 + -11 + -4 + 33?
18
Evaluate 2 - -2 - (36 + -49).
17
Calculate 17 + (-47 - 1) + 15.
-16
What is 16 - -1 - (7 - (-8 - -9) - 0)?
11
Calculate 16 + -6 + 22 + 0 + -12.
20
What is the value of 3 - 11 - 15 - -21?
-2
What is the value of 15 - ((-2 - -26) + -16)?
7
Evaluate -10 + (-3 + 3 - 1 - (-159 + 155)).
-7
49 - (-21 + 47 + 8)
15
Calculate -12 - (-2 - (27 - 22)).
-5
What is -4 - 0 - (-28 + 17 - -20)?